{"id":1471,"date":"2019-08-23T23:57:22","date_gmt":"2019-08-23T21:57:22","guid":{"rendered":"https:\/\/svenskahundklubben.se\/vsn\/?page_id=1471"},"modified":"2022-07-31T16:14:40","modified_gmt":"2022-07-31T14:14:40","slug":"bli-medlem-i-vsn","status":"publish","type":"page","link":"https:\/\/svenskahundklubben.se\/vsn\/bli-medlem-i-vsn\/","title":{"rendered":"Medlem VSN"},"content":{"rendered":"\t\t<div data-elementor-type=\"wp-post\" data-elementor-id=\"1471\" class=\"elementor elementor-1471\">\n\t\t\t\t\t\t<section class=\"elementor-section elementor-top-section elementor-element elementor-element-090d36a elementor-section-boxed elementor-section-height-default elementor-section-height-default\" data-id=\"090d36a\" data-element_type=\"section\" data-e-type=\"section\">\n\t\t\t\t\t\t<div class=\"elementor-container elementor-column-gap-default\">\n\t\t\t\t\t<div class=\"elementor-column elementor-col-33 elementor-top-column elementor-element elementor-element-7ded00b\" data-id=\"7ded00b\" data-element_type=\"column\" data-e-type=\"column\">\n\t\t\t<div class=\"elementor-widget-wrap elementor-element-populated\">\n\t\t\t\t\t\t<div class=\"elementor-element elementor-element-b2d3430 elementor-button-success elementor-align-center elementor-widget elementor-widget-button\" data-id=\"b2d3430\" data-element_type=\"widget\" data-e-type=\"widget\" data-widget_type=\"button.default\">\n\t\t\t\t<div class=\"elementor-widget-container\">\n\t\t\t\t\t\t\t\t\t<div class=\"elementor-button-wrapper\">\n\t\t\t\t\t<a class=\"elementor-button elementor-button-link elementor-size-sm\" href=\"https:\/\/member.myclub.se\/accounts\/login\/\">\n\t\t\t\t\t\t<span class=\"elementor-button-content-wrapper\">\n\t\t\t\t\t\t\t\t\t<span class=\"elementor-button-text\">My Club inlogg<\/span>\n\t\t\t\t\t<\/span>\n\t\t\t\t\t<\/a>\n\t\t\t\t<\/div>\n\t\t\t\t\t\t\t\t<\/div>\n\t\t\t\t<\/div>\n\t\t\t\t\t<\/div>\n\t\t<\/div>\n\t\t\t\t<div class=\"elementor-column elementor-col-33 elementor-top-column elementor-element elementor-element-29c51ea\" data-id=\"29c51ea\" data-element_type=\"column\" data-e-type=\"column\">\n\t\t\t<div class=\"elementor-widget-wrap elementor-element-populated\">\n\t\t\t\t\t\t<div class=\"elementor-element elementor-element-06560e2 elementor-widget elementor-widget-text-editor\" data-id=\"06560e2\" data-element_type=\"widget\" data-e-type=\"widget\" data-widget_type=\"text-editor.default\">\n\t\t\t\t<div class=\"elementor-widget-container\">\n\t\t\t\t\t\t\t\t\t<p>Till v\u00e4nster kan du som medlem logga in och bland annat hitta ditt medlemskort samt hitta fakturor m.m.<\/p><p>Befintliga medlemmar \u2013 s\u00e5 h\u00e4r skapar du ditt MyClub-konto:<br \/><br \/>1. G\u00e5 in p\u00e5 MyClub.se<\/p><p>2.Klicka p\u00e5 LOGGA IN<\/p><p>3. V\u00e4lj SKAPA KONTO<\/p><p>4. Skriv in din mailadress s\u00e5 skickas det en aktiveringskod till din mail<\/p><p>Till h\u00f6ger hittar du medlemstidningen &#8221;V\u00e5ra Hundar&#8221;<\/p>\t\t\t\t\t\t\t\t<\/div>\n\t\t\t\t<\/div>\n\t\t\t\t\t<\/div>\n\t\t<\/div>\n\t\t\t\t<div class=\"elementor-column elementor-col-33 elementor-top-column elementor-element elementor-element-4b15439\" data-id=\"4b15439\" data-element_type=\"column\" data-e-type=\"column\">\n\t\t\t<div class=\"elementor-widget-wrap elementor-element-populated\">\n\t\t\t\t\t\t<div class=\"elementor-element elementor-element-d6ac08b elementor-button-success elementor-align-center elementor-widget elementor-widget-button\" data-id=\"d6ac08b\" data-element_type=\"widget\" data-e-type=\"widget\" data-widget_type=\"button.default\">\n\t\t\t\t<div class=\"elementor-widget-container\">\n\t\t\t\t\t\t\t\t\t<div class=\"elementor-button-wrapper\">\n\t\t\t\t\t<a class=\"elementor-button elementor-button-link elementor-size-sm\" href=\"https:\/\/svenskahundklubben.se\/tidningen-vara-hundar\/\">\n\t\t\t\t\t\t<span class=\"elementor-button-content-wrapper\">\n\t\t\t\t\t\t\t\t\t<span class=\"elementor-button-text\">Tidningen \"V\u00e5ra Hundar\"<\/span>\n\t\t\t\t\t<\/span>\n\t\t\t\t\t<\/a>\n\t\t\t\t<\/div>\n\t\t\t\t\t\t\t\t<\/div>\n\t\t\t\t<\/div>\n\t\t\t\t\t<\/div>\n\t\t<\/div>\n\t\t\t\t\t<\/div>\n\t\t<\/section>\n\t\t\t\t<section class=\"elementor-section elementor-top-section elementor-element elementor-element-6314cc7 elementor-section-boxed elementor-section-height-default elementor-section-height-default\" data-id=\"6314cc7\" data-element_type=\"section\" data-e-type=\"section\">\n\t\t\t\t\t\t<div class=\"elementor-container elementor-column-gap-default\">\n\t\t\t\t\t<div class=\"elementor-column elementor-col-100 elementor-top-column elementor-element elementor-element-b8d0410\" data-id=\"b8d0410\" data-element_type=\"column\" data-e-type=\"column\">\n\t\t\t<div class=\"elementor-widget-wrap elementor-element-populated\">\n\t\t\t\t\t\t<div class=\"elementor-element elementor-element-7fedb69 elementor-widget-divider--view-line elementor-widget elementor-widget-divider\" data-id=\"7fedb69\" data-element_type=\"widget\" data-e-type=\"widget\" data-widget_type=\"divider.default\">\n\t\t\t\t<div class=\"elementor-widget-container\">\n\t\t\t\t\t\t\t<div class=\"elementor-divider\">\n\t\t\t<span class=\"elementor-divider-separator\">\n\t\t\t\t\t\t<\/span>\n\t\t<\/div>\n\t\t\t\t\t\t<\/div>\n\t\t\t\t<\/div>\n\t\t\t\t\t<\/div>\n\t\t<\/div>\n\t\t\t\t\t<\/div>\n\t\t<\/section>\n\t\t\t\t<section class=\"elementor-section elementor-top-section elementor-element elementor-element-f60ca7e elementor-section-boxed elementor-section-height-default elementor-section-height-default\" data-id=\"f60ca7e\" data-element_type=\"section\" data-e-type=\"section\">\n\t\t\t\t\t\t<div class=\"elementor-container elementor-column-gap-default\">\n\t\t\t\t\t<div class=\"elementor-column elementor-col-100 elementor-top-column elementor-element elementor-element-644a22c\" data-id=\"644a22c\" data-element_type=\"column\" data-e-type=\"column\">\n\t\t\t<div class=\"elementor-widget-wrap elementor-element-populated\">\n\t\t\t\t\t\t<div class=\"elementor-element elementor-element-f90065d elementor-widget elementor-widget-heading\" data-id=\"f90065d\" data-element_type=\"widget\" data-e-type=\"widget\" data-widget_type=\"heading.default\">\n\t\t\t\t<div class=\"elementor-widget-container\">\n\t\t\t\t\t<h2 class=\"elementor-heading-title elementor-size-default\">Bli medlem i svenska hundklubben vsn<\/h2>\t\t\t\t<\/div>\n\t\t\t\t<\/div>\n\t\t\t\t\t<\/div>\n\t\t<\/div>\n\t\t\t\t\t<\/div>\n\t\t<\/section>\n\t\t\t\t<section class=\"elementor-section elementor-top-section elementor-element elementor-element-655b1389 elementor-section-boxed elementor-section-height-default elementor-section-height-default\" data-id=\"655b1389\" data-element_type=\"section\" data-e-type=\"section\">\n\t\t\t\t\t\t<div class=\"elementor-container elementor-column-gap-default\">\n\t\t\t\t\t<div class=\"elementor-column elementor-col-100 elementor-top-column elementor-element elementor-element-3fa11238\" data-id=\"3fa11238\" data-element_type=\"column\" data-e-type=\"column\">\n\t\t\t<div class=\"elementor-widget-wrap elementor-element-populated\">\n\t\t\t\t\t\t<div class=\"elementor-element elementor-element-27adca4f elementor-widget elementor-widget-text-editor\" data-id=\"27adca4f\" data-element_type=\"widget\" data-e-type=\"widget\" data-widget_type=\"text-editor.default\">\n\t\t\t\t<div class=\"elementor-widget-container\">\n\t\t\t\t\t\t\t\t\t<p>V<span style=\"color: #3a3a3a\">i \u00e4r glada att du vill ans\u00f6ka om medlemskap i Svenska Hundklubben. Lokalklubben VSN har ett brett utbud av kurser och utbildningar och v\u00e4lkomnar alla hundar och f\u00f6rare\/\u00e4gare. V\u00e4lkommen med din ans\u00f6kan!<\/span><\/p><p style=\"text-align: center\"><span style=\"color: #3a3a3a\"><strong>Vill du bli medlem?<\/strong> <br \/><\/span><\/p>\t\t\t\t\t\t\t\t<\/div>\n\t\t\t\t<\/div>\n\t\t\t\t<div class=\"elementor-element elementor-element-354007d elementor-button-success elementor-align-center elementor-widget elementor-widget-button\" data-id=\"354007d\" data-element_type=\"widget\" data-e-type=\"widget\" data-widget_type=\"button.default\">\n\t\t\t\t<div class=\"elementor-widget-container\">\n\t\t\t\t\t\t\t\t\t<div class=\"elementor-button-wrapper\">\n\t\t\t\t\t<a class=\"elementor-button elementor-button-link elementor-size-md\" href=\"https:\/\/svenskahundklubben.se\/medlem\/\" target=\"_blank\">\n\t\t\t\t\t\t<span class=\"elementor-button-content-wrapper\">\n\t\t\t\t\t\t\t\t\t<span class=\"elementor-button-text\">REGISTRERA DIG H\u00c4R<\/span>\n\t\t\t\t\t<\/span>\n\t\t\t\t\t<\/a>\n\t\t\t\t<\/div>\n\t\t\t\t\t\t\t\t<\/div>\n\t\t\t\t<\/div>\n\t\t\t\t\t<\/div>\n\t\t<\/div>\n\t\t\t\t\t<\/div>\n\t\t<\/section>\n\t\t\t\t<\/div>\n\t\t","protected":false},"excerpt":{"rendered":"<p>My Club inlogg Till v\u00e4nster kan du som medlem logga in och bland annat hitta ditt medlemskort samt hitta fakturor m.m. Befintliga medlemmar \u2013 s\u00e5 h\u00e4r skapar du ditt MyClub-konto: 1. G\u00e5 in p\u00e5 MyClub.se &#8230; <a title=\"Medlem VSN\" class=\"read-more\" href=\"https:\/\/svenskahundklubben.se\/vsn\/bli-medlem-i-vsn\/\">L\u00e4s mer<\/a><\/p>\n","protected":false},"author":4,"featured_media":0,"parent":0,"menu_order":0,"comment_status":"closed","ping_status":"closed","template":"","meta":{"_price":"","_stock":"","_tribe_ticket_header":"","_tribe_default_ticket_provider":"","_tribe_ticket_capacity":"0","_ticket_start_date":"","_ticket_end_date":"","_tribe_ticket_show_description":"","_tribe_ticket_show_not_going":false,"_tribe_ticket_use_global_stock":"","_tribe_ticket_global_stock_level":"","_global_stock_mode":"","_global_stock_cap":"","_tribe_rsvp_for_event":"","_tribe_ticket_going_count":"","_tribe_ticket_not_going_count":"","_tribe_tickets_list":"[]","_tribe_ticket_has_attendee_info_fields":false,"footnotes":"","_tec_slr_enabled":"","_tec_slr_layout":"","_links_to":"","_links_to_target":""},"class_list":["post-1471","page","type-page","status-publish"],"yoast_head":"<!-- This site is optimized with the Yoast SEO plugin v25.6 - https:\/\/yoast.com\/wordpress\/plugins\/seo\/ -->\n<title>Medlem VSN - Svenska Hundklubben - VSN<\/title>\n<meta name=\"robots\" content=\"index, follow, max-snippet:-1, max-image-preview:large, max-video-preview:-1\" \/>\n<link rel=\"canonical\" href=\"https:\/\/svenskahundklubben.se\/vsn\/bli-medlem-i-vsn\/\" \/>\n<meta property=\"og:locale\" content=\"sv_SE\" \/>\n<meta property=\"og:type\" content=\"article\" \/>\n<meta property=\"og:title\" content=\"Medlem VSN - Svenska Hundklubben - VSN\" \/>\n<meta property=\"og:description\" content=\"My Club inlogg Till v\u00e4nster kan du som medlem logga in och bland annat hitta ditt medlemskort samt hitta fakturor m.m. Befintliga medlemmar \u2013 s\u00e5 h\u00e4r skapar du ditt MyClub-konto: 1. G\u00e5 in p\u00e5 MyClub.se ... L\u00e4s mer\" \/>\n<meta property=\"og:url\" content=\"https:\/\/svenskahundklubben.se\/vsn\/bli-medlem-i-vsn\/\" \/>\n<meta property=\"og:site_name\" content=\"Svenska Hundklubben - VSN\" \/>\n<meta property=\"article:modified_time\" content=\"2022-07-31T14:14:40+00:00\" \/>\n<meta name=\"twitter:card\" content=\"summary_large_image\" \/>\n<meta name=\"twitter:label1\" content=\"Ber\u00e4knad l\u00e4stid\" \/>\n\t<meta name=\"twitter:data1\" content=\"1 minut\" \/>\n<script type=\"application\/ld+json\" class=\"yoast-schema-graph\">{\"@context\":\"https:\/\/schema.org\",\"@graph\":[{\"@type\":\"WebPage\",\"@id\":\"https:\/\/svenskahundklubben.se\/vsn\/bli-medlem-i-vsn\/\",\"url\":\"https:\/\/svenskahundklubben.se\/vsn\/bli-medlem-i-vsn\/\",\"name\":\"Medlem VSN - Svenska Hundklubben - VSN\",\"isPartOf\":{\"@id\":\"https:\/\/svenskahundklubben.se\/vsn\/#website\"},\"datePublished\":\"2019-08-23T21:57:22+00:00\",\"dateModified\":\"2022-07-31T14:14:40+00:00\",\"breadcrumb\":{\"@id\":\"https:\/\/svenskahundklubben.se\/vsn\/bli-medlem-i-vsn\/#breadcrumb\"},\"inLanguage\":\"sv-SE\",\"potentialAction\":[{\"@type\":\"ReadAction\",\"target\":[\"https:\/\/svenskahundklubben.se\/vsn\/bli-medlem-i-vsn\/\"]}]},{\"@type\":\"BreadcrumbList\",\"@id\":\"https:\/\/svenskahundklubben.se\/vsn\/bli-medlem-i-vsn\/#breadcrumb\",\"itemListElement\":[{\"@type\":\"ListItem\",\"position\":1,\"name\":\"Hem\",\"item\":\"https:\/\/svenskahundklubben.se\/vsn\/\"},{\"@type\":\"ListItem\",\"position\":2,\"name\":\"Medlem VSN\"}]},{\"@type\":\"WebSite\",\"@id\":\"https:\/\/svenskahundklubben.se\/vsn\/#website\",\"url\":\"https:\/\/svenskahundklubben.se\/vsn\/\",\"name\":\"Svenska Hundklubben - VSN\",\"description\":\"Svenska Hundklubben\",\"publisher\":{\"@id\":\"https:\/\/svenskahundklubben.se\/vsn\/#organization\"},\"potentialAction\":[{\"@type\":\"SearchAction\",\"target\":{\"@type\":\"EntryPoint\",\"urlTemplate\":\"https:\/\/svenskahundklubben.se\/vsn\/?s={search_term_string}\"},\"query-input\":{\"@type\":\"PropertyValueSpecification\",\"valueRequired\":true,\"valueName\":\"search_term_string\"}}],\"inLanguage\":\"sv-SE\"},{\"@type\":\"Organization\",\"@id\":\"https:\/\/svenskahundklubben.se\/vsn\/#organization\",\"name\":\"Svenska Hundklubben - VSN\",\"url\":\"https:\/\/svenskahundklubben.se\/vsn\/\",\"logo\":{\"@type\":\"ImageObject\",\"inLanguage\":\"sv-SE\",\"@id\":\"https:\/\/svenskahundklubben.se\/vsn\/#\/schema\/logo\/image\/\",\"url\":\"https:\/\/svenskahundklubben.se\/vsn\/wp-content\/uploads\/sites\/10\/2019\/09\/SHK-VSN-HEADERLOGO.png\",\"contentUrl\":\"https:\/\/svenskahundklubben.se\/vsn\/wp-content\/uploads\/sites\/10\/2019\/09\/SHK-VSN-HEADERLOGO.png\",\"width\":1200,\"height\":300,\"caption\":\"Svenska Hundklubben - VSN\"},\"image\":{\"@id\":\"https:\/\/svenskahundklubben.se\/vsn\/#\/schema\/logo\/image\/\"}}]}<\/script>\n<!-- \/ Yoast SEO plugin. -->","yoast_head_json":{"title":"Medlem VSN - Svenska Hundklubben - VSN","robots":{"index":"index","follow":"follow","max-snippet":"max-snippet:-1","max-image-preview":"max-image-preview:large","max-video-preview":"max-video-preview:-1"},"canonical":"https:\/\/svenskahundklubben.se\/vsn\/bli-medlem-i-vsn\/","og_locale":"sv_SE","og_type":"article","og_title":"Medlem VSN - Svenska Hundklubben - VSN","og_description":"My Club inlogg Till v\u00e4nster kan du som medlem logga in och bland annat hitta ditt medlemskort samt hitta fakturor m.m. Befintliga medlemmar \u2013 s\u00e5 h\u00e4r skapar du ditt MyClub-konto: 1. G\u00e5 in p\u00e5 MyClub.se ... L\u00e4s mer","og_url":"https:\/\/svenskahundklubben.se\/vsn\/bli-medlem-i-vsn\/","og_site_name":"Svenska Hundklubben - VSN","article_modified_time":"2022-07-31T14:14:40+00:00","twitter_card":"summary_large_image","twitter_misc":{"Ber\u00e4knad l\u00e4stid":"1 minut"},"schema":{"@context":"https:\/\/schema.org","@graph":[{"@type":"WebPage","@id":"https:\/\/svenskahundklubben.se\/vsn\/bli-medlem-i-vsn\/","url":"https:\/\/svenskahundklubben.se\/vsn\/bli-medlem-i-vsn\/","name":"Medlem VSN - Svenska Hundklubben - VSN","isPartOf":{"@id":"https:\/\/svenskahundklubben.se\/vsn\/#website"},"datePublished":"2019-08-23T21:57:22+00:00","dateModified":"2022-07-31T14:14:40+00:00","breadcrumb":{"@id":"https:\/\/svenskahundklubben.se\/vsn\/bli-medlem-i-vsn\/#breadcrumb"},"inLanguage":"sv-SE","potentialAction":[{"@type":"ReadAction","target":["https:\/\/svenskahundklubben.se\/vsn\/bli-medlem-i-vsn\/"]}]},{"@type":"BreadcrumbList","@id":"https:\/\/svenskahundklubben.se\/vsn\/bli-medlem-i-vsn\/#breadcrumb","itemListElement":[{"@type":"ListItem","position":1,"name":"Hem","item":"https:\/\/svenskahundklubben.se\/vsn\/"},{"@type":"ListItem","position":2,"name":"Medlem VSN"}]},{"@type":"WebSite","@id":"https:\/\/svenskahundklubben.se\/vsn\/#website","url":"https:\/\/svenskahundklubben.se\/vsn\/","name":"Svenska Hundklubben - VSN","description":"Svenska Hundklubben","publisher":{"@id":"https:\/\/svenskahundklubben.se\/vsn\/#organization"},"potentialAction":[{"@type":"SearchAction","target":{"@type":"EntryPoint","urlTemplate":"https:\/\/svenskahundklubben.se\/vsn\/?s={search_term_string}"},"query-input":{"@type":"PropertyValueSpecification","valueRequired":true,"valueName":"search_term_string"}}],"inLanguage":"sv-SE"},{"@type":"Organization","@id":"https:\/\/svenskahundklubben.se\/vsn\/#organization","name":"Svenska Hundklubben - VSN","url":"https:\/\/svenskahundklubben.se\/vsn\/","logo":{"@type":"ImageObject","inLanguage":"sv-SE","@id":"https:\/\/svenskahundklubben.se\/vsn\/#\/schema\/logo\/image\/","url":"https:\/\/svenskahundklubben.se\/vsn\/wp-content\/uploads\/sites\/10\/2019\/09\/SHK-VSN-HEADERLOGO.png","contentUrl":"https:\/\/svenskahundklubben.se\/vsn\/wp-content\/uploads\/sites\/10\/2019\/09\/SHK-VSN-HEADERLOGO.png","width":1200,"height":300,"caption":"Svenska Hundklubben - VSN"},"image":{"@id":"https:\/\/svenskahundklubben.se\/vsn\/#\/schema\/logo\/image\/"}}]}},"ticketed":false,"_links":{"self":[{"href":"https:\/\/svenskahundklubben.se\/vsn\/wp-json\/wp\/v2\/pages\/1471"}],"collection":[{"href":"https:\/\/svenskahundklubben.se\/vsn\/wp-json\/wp\/v2\/pages"}],"about":[{"href":"https:\/\/svenskahundklubben.se\/vsn\/wp-json\/wp\/v2\/types\/page"}],"author":[{"embeddable":true,"href":"https:\/\/svenskahundklubben.se\/vsn\/wp-json\/wp\/v2\/users\/4"}],"replies":[{"embeddable":true,"href":"https:\/\/svenskahundklubben.se\/vsn\/wp-json\/wp\/v2\/comments?post=1471"}],"version-history":[{"count":33,"href":"https:\/\/svenskahundklubben.se\/vsn\/wp-json\/wp\/v2\/pages\/1471\/revisions"}],"predecessor-version":[{"id":2633,"href":"https:\/\/svenskahundklubben.se\/vsn\/wp-json\/wp\/v2\/pages\/1471\/revisions\/2633"}],"wp:attachment":[{"href":"https:\/\/svenskahundklubben.se\/vsn\/wp-json\/wp\/v2\/media?parent=1471"}],"curies":[{"name":"wp","href":"https:\/\/api.w.org\/{rel}","templated":true}]}}