{"id":190,"date":"2019-07-11T11:04:03","date_gmt":"2019-07-11T09:04:03","guid":{"rendered":"https:\/\/svenskahundklubben.se\/sodertalje\/?page_id=190"},"modified":"2019-07-11T11:04:24","modified_gmt":"2019-07-11T09:04:24","slug":"sektioner","status":"publish","type":"page","link":"https:\/\/svenskahundklubben.se\/sodertalje\/om-shk\/sektioner\/","title":{"rendered":"Sektioner"},"content":{"rendered":"<h2 class=\"objHead\">Lydnad<\/h2>\n<div class=\"defbackground objContent\">\n<ul>\n<li><a href=\"http:\/\/www.svenskahundklubben.se\/lydnadstavling\/regler\" target=\"_blank\" rel=\"noopener noreferrer\">T\u00e4vlingsregler f\u00f6r lydnad, klicka h\u00e4r<\/a><\/li>\n<\/ul>\n<p>Sektionsansvarig:<\/p>\n<ul>\n<li><a href=\"mailto:Jissayj@yahoo.com\" target=\"_blank\" rel=\"noopener noreferrer\">Yvonne Jagersten: Skicka e-post, klicka h\u00e4r<\/a><\/li>\n<\/ul>\n<\/div>\n<h2 class=\"objHead\">Personsp\u00e5r<\/h2>\n<div class=\"defbackground objContent\">\n<p>Sektionsansvarig<\/p>\n<p><a href=\"mailto:kicki.samuelsson@gmail.com\" target=\"_blank\" rel=\"noopener noreferrer\">Kicki Samuelsson<\/a><\/p>\n<p><strong>Personsp\u00e5r<br \/>\n<\/strong>Vi l\u00e4r hunden att f\u00f6lja ett sp\u00e5r d\u00e4r en m\u00e4nniska har g\u00e5tt (personsp\u00e5r).<br \/>\nHunden f\u00f6ljer sp\u00e5ret och b\u00e5de utmed sp\u00e5ret och i slutet hittar den f\u00f6rem\u00e5l.<br \/>\nI b\u00f6rjan g\u00f6r vi sp\u00e5ret l\u00e4tt f\u00f6r hunden, f\u00f6r att sedan \u00f6ka sv\u00e5righetsgraden allteftersom hunden \u00e4r mogen f\u00f6r detta och beh\u00f6ver utvecklas och det g\u00f6r den beroende p\u00e5 m\u00e4ngden tr\u00e4ning och intresse som du l\u00e4gger p\u00e5 den.<br \/>\nVi brukar ha mycket trevliga dagar &amp; kv\u00e4llar, till en b\u00f6rjan i skogen, men senare \u00e4ven i andra terr\u00e4nger o bebyggda omr\u00e5den. Vi sp\u00e5rtr\u00e4nar, \u00a0snackar hund och umg\u00e5s.<\/p>\n<p><strong><a title=\"Kurser\" href=\"http:\/\/www.shksodertalje.hundpoolen.nu\/hundkurser\">V\u00e5ra kurser i personsp\u00e5r<\/a>\u00a0\u00e4r uppdelade i:<\/strong><br \/>\nPersonsp\u00e5r &#8211; Grund<br \/>\nPersonsp\u00e5r \u2013 Forts\u00e4ttning<br \/>\nPersonsp\u00e5r &#8211; Avancerad<br \/>\nOrdning, Reda &amp; Sp\u00e5r<\/p>\n<p><strong>Personsp\u00e5rsintrukt\u00f6rer:<br \/>\n<\/strong>Kicki Samuelsson<br \/>\nKirsten Johnson<br \/>\nJan-Lennart Andersson<br \/>\nRonnie Forsberg<\/p>\n<h2 class=\"objHead\">S\u00d6K<\/h2>\n<div class=\"defbackground objContent\">\n<p>Persons\u00f6k inneb\u00e4r att din hund ska leta reta p\u00e5 m\u00e4nniskor som ligger g\u00f6mda i skogen. F\u00f6r att din hund ska kunna ber\u00e4tta f\u00f6r dig var den personen finns,tar din hund en sk s\u00f6krulle i munnen och kommer till dig med den. D\u00e4refter g\u00e5r ni tillsammans ut till den g\u00f6mda personen. Det \u00e4r bra om du hund\u00a0har f\u00f6rem\u00e5lsintresse, dvs din hund tar g\u00e4rna saker i munnen.<\/p>\n<p>Sektionsansvarig: Britty Andersson.<\/p>\n<ul>\n<li><a href=\"mailto:mailto:britty_a@hotmail.com\" target=\"_blank\" rel=\"noopener noreferrer\">Skicka ett mejl till Britty, klicka h\u00e4r<\/a><\/li>\n<\/ul>\n<ul>\n<li><strong><a title=\"Kurser\" href=\"http:\/\/www.shksodertalje.hundpoolen.nu\/hundkurser\">G\u00e5 en kurs i persons\u00f6k!\u00a0<\/a><\/strong><\/li>\n<\/ul>\n<h2 class=\"objHead\">Utst\u00e4llningar hos Svenska Hundklubben<\/h2>\n<div class=\"defbackground objContent\">\n<p>Svenska Hundklubben arrangerar b\u00e5de nationella och internationella utst\u00e4llningar, v\u00e4lkommen!<\/p>\n<ul>\n<li><a href=\"http:\/\/www.svenskahundklubben.se\/utstallning\" target=\"_blank\" rel=\"noopener noreferrer\">UTST\u00c4LLNINGAR SVENSKA HUNDKLUBBEN &#8211; Klicka h\u00e4r!\u00a0<\/a><\/li>\n<\/ul>\n<ul>\n<li>Sektionsansvarig:<a href=\"mailto:tealfons@gmail.com\">Tommy Eriksson, skicka e-post h\u00e4r<\/a><\/li>\n<li>F\u00f6r v\u00e4gbeskrivning till utst\u00e4llningsplats, ta kontakt med Utst\u00e4llningskommitt\u00e9n: \u00a0<a href=\"mailto:uk.ordf@svenskahundklubben.se\" target=\"_blank\" rel=\"noopener noreferrer\">uk.ordf@svenskahundklubben.se<\/a>\u00a0eller tel. 0760-52 37 20.<\/li>\n<\/ul>\n<p>Svenska Hundklubbens kansli:<\/p>\n<p>0760-52 37 20<br \/>\n\u00d6ppettider m\u00e5n-fre kl.08.00-16.00<br \/>\nLunchst\u00e4ngt 12.00-13.00<\/p>\n<\/div>\n<p>&nbsp;<\/p>\n<\/div>\n<\/div>\n","protected":false},"excerpt":{"rendered":"<p>Lydnad T\u00e4vlingsregler f\u00f6r lydnad, klicka h\u00e4r Sektionsansvarig: Yvonne Jagersten: Skicka e-post, klicka h\u00e4r Personsp\u00e5r Sektionsansvarig Kicki Samuelsson Personsp\u00e5r Vi l\u00e4r hunden att f\u00f6lja ett sp\u00e5r d\u00e4r en m\u00e4nniska har g\u00e5tt (personsp\u00e5r). Hunden f\u00f6ljer sp\u00e5ret och &#8230; <a title=\"Sektioner\" class=\"read-more\" href=\"https:\/\/svenskahundklubben.se\/sodertalje\/om-shk\/sektioner\/\">L\u00e4s mer<\/a><\/p>\n","protected":false},"author":4,"featured_media":0,"parent":48,"menu_order":0,"comment_status":"closed","ping_status":"closed","template":"","meta":{"_price":"","_stock":"","_tribe_ticket_header":"","_tribe_default_ticket_provider":"","_tribe_ticket_capacity":"0","_ticket_start_date":"","_ticket_end_date":"","_tribe_ticket_show_description":"","_tribe_ticket_show_not_going":false,"_tribe_ticket_use_global_stock":"","_tribe_ticket_global_stock_level":"","_global_stock_mode":"","_global_stock_cap":"","_tribe_rsvp_for_event":"","_tribe_ticket_going_count":"","_tribe_ticket_not_going_count":"","_tribe_tickets_list":"[]","_tribe_ticket_has_attendee_info_fields":false,"footnotes":"","_tec_slr_enabled":"","_tec_slr_layout":"","_links_to":"","_links_to_target":""},"class_list":["post-190","page","type-page","status-publish"],"yoast_head":"<!-- This site is optimized with the Yoast SEO plugin v25.6 - https:\/\/yoast.com\/wordpress\/plugins\/seo\/ -->\n<title>Sektioner - Svenska Hundklubben - S\u00f6dert\u00e4lje<\/title>\n<meta name=\"robots\" content=\"index, follow, max-snippet:-1, max-image-preview:large, max-video-preview:-1\" \/>\n<link rel=\"canonical\" href=\"https:\/\/svenskahundklubben.se\/sodertalje\/om-shk\/sektioner\/\" \/>\n<meta property=\"og:locale\" content=\"sv_SE\" \/>\n<meta property=\"og:type\" content=\"article\" \/>\n<meta property=\"og:title\" content=\"Sektioner - Svenska Hundklubben - S\u00f6dert\u00e4lje\" \/>\n<meta property=\"og:description\" content=\"Lydnad T\u00e4vlingsregler f\u00f6r lydnad, klicka h\u00e4r Sektionsansvarig: Yvonne Jagersten: Skicka e-post, klicka h\u00e4r Personsp\u00e5r Sektionsansvarig Kicki Samuelsson Personsp\u00e5r Vi l\u00e4r hunden att f\u00f6lja ett sp\u00e5r d\u00e4r en m\u00e4nniska har g\u00e5tt (personsp\u00e5r). Hunden f\u00f6ljer sp\u00e5ret och ... L\u00e4s mer\" \/>\n<meta property=\"og:url\" content=\"https:\/\/svenskahundklubben.se\/sodertalje\/om-shk\/sektioner\/\" \/>\n<meta property=\"og:site_name\" content=\"Svenska Hundklubben - S\u00f6dert\u00e4lje\" \/>\n<meta property=\"article:modified_time\" content=\"2019-07-11T09:04:24+00:00\" \/>\n<meta name=\"twitter:card\" content=\"summary_large_image\" \/>\n<meta name=\"twitter:label1\" content=\"Ber\u00e4knad l\u00e4stid\" \/>\n\t<meta name=\"twitter:data1\" content=\"2 minuter\" \/>\n<script type=\"application\/ld+json\" class=\"yoast-schema-graph\">{\"@context\":\"https:\/\/schema.org\",\"@graph\":[{\"@type\":\"WebPage\",\"@id\":\"https:\/\/svenskahundklubben.se\/sodertalje\/om-shk\/sektioner\/\",\"url\":\"https:\/\/svenskahundklubben.se\/sodertalje\/om-shk\/sektioner\/\",\"name\":\"Sektioner - Svenska Hundklubben - S\u00f6dert\u00e4lje\",\"isPartOf\":{\"@id\":\"https:\/\/svenskahundklubben.se\/sodertalje\/#website\"},\"datePublished\":\"2019-07-11T09:04:03+00:00\",\"dateModified\":\"2019-07-11T09:04:24+00:00\",\"breadcrumb\":{\"@id\":\"https:\/\/svenskahundklubben.se\/sodertalje\/om-shk\/sektioner\/#breadcrumb\"},\"inLanguage\":\"sv-SE\",\"potentialAction\":[{\"@type\":\"ReadAction\",\"target\":[\"https:\/\/svenskahundklubben.se\/sodertalje\/om-shk\/sektioner\/\"]}]},{\"@type\":\"BreadcrumbList\",\"@id\":\"https:\/\/svenskahundklubben.se\/sodertalje\/om-shk\/sektioner\/#breadcrumb\",\"itemListElement\":[{\"@type\":\"ListItem\",\"position\":1,\"name\":\"Hem\",\"item\":\"https:\/\/svenskahundklubben.se\/sodertalje\/\"},{\"@type\":\"ListItem\",\"position\":2,\"name\":\"Om Oss\",\"item\":\"https:\/\/svenskahundklubben.se\/sodertalje\/om-shk\/\"},{\"@type\":\"ListItem\",\"position\":3,\"name\":\"Sektioner\"}]},{\"@type\":\"WebSite\",\"@id\":\"https:\/\/svenskahundklubben.se\/sodertalje\/#website\",\"url\":\"https:\/\/svenskahundklubben.se\/sodertalje\/\",\"name\":\"Svenska Hundklubben - S\u00f6dert\u00e4lje\",\"description\":\"Svenska Hundklubben-webbplats\",\"publisher\":{\"@id\":\"https:\/\/svenskahundklubben.se\/sodertalje\/#organization\"},\"potentialAction\":[{\"@type\":\"SearchAction\",\"target\":{\"@type\":\"EntryPoint\",\"urlTemplate\":\"https:\/\/svenskahundklubben.se\/sodertalje\/?s={search_term_string}\"},\"query-input\":{\"@type\":\"PropertyValueSpecification\",\"valueRequired\":true,\"valueName\":\"search_term_string\"}}],\"inLanguage\":\"sv-SE\"},{\"@type\":\"Organization\",\"@id\":\"https:\/\/svenskahundklubben.se\/sodertalje\/#organization\",\"name\":\"Svenska Hundklubben - S\u00f6dert\u00e4lje\",\"url\":\"https:\/\/svenskahundklubben.se\/sodertalje\/\",\"logo\":{\"@type\":\"ImageObject\",\"inLanguage\":\"sv-SE\",\"@id\":\"https:\/\/svenskahundklubben.se\/sodertalje\/#\/schema\/logo\/image\/\",\"url\":\"https:\/\/svenskahundklubben.se\/sodertalje\/wp-content\/uploads\/sites\/4\/2019\/08\/SHK-S\u00d6DERT\u00c4LJE-HEADERLOGO.png\",\"contentUrl\":\"https:\/\/svenskahundklubben.se\/sodertalje\/wp-content\/uploads\/sites\/4\/2019\/08\/SHK-S\u00d6DERT\u00c4LJE-HEADERLOGO.png\",\"width\":1200,\"height\":300,\"caption\":\"Svenska Hundklubben - S\u00f6dert\u00e4lje\"},\"image\":{\"@id\":\"https:\/\/svenskahundklubben.se\/sodertalje\/#\/schema\/logo\/image\/\"}}]}<\/script>\n<!-- \/ Yoast SEO plugin. -->","yoast_head_json":{"title":"Sektioner - Svenska Hundklubben - S\u00f6dert\u00e4lje","robots":{"index":"index","follow":"follow","max-snippet":"max-snippet:-1","max-image-preview":"max-image-preview:large","max-video-preview":"max-video-preview:-1"},"canonical":"https:\/\/svenskahundklubben.se\/sodertalje\/om-shk\/sektioner\/","og_locale":"sv_SE","og_type":"article","og_title":"Sektioner - Svenska Hundklubben - S\u00f6dert\u00e4lje","og_description":"Lydnad T\u00e4vlingsregler f\u00f6r lydnad, klicka h\u00e4r Sektionsansvarig: Yvonne Jagersten: Skicka e-post, klicka h\u00e4r Personsp\u00e5r Sektionsansvarig Kicki Samuelsson Personsp\u00e5r Vi l\u00e4r hunden att f\u00f6lja ett sp\u00e5r d\u00e4r en m\u00e4nniska har g\u00e5tt (personsp\u00e5r). Hunden f\u00f6ljer sp\u00e5ret och ... L\u00e4s mer","og_url":"https:\/\/svenskahundklubben.se\/sodertalje\/om-shk\/sektioner\/","og_site_name":"Svenska Hundklubben - S\u00f6dert\u00e4lje","article_modified_time":"2019-07-11T09:04:24+00:00","twitter_card":"summary_large_image","twitter_misc":{"Ber\u00e4knad l\u00e4stid":"2 minuter"},"schema":{"@context":"https:\/\/schema.org","@graph":[{"@type":"WebPage","@id":"https:\/\/svenskahundklubben.se\/sodertalje\/om-shk\/sektioner\/","url":"https:\/\/svenskahundklubben.se\/sodertalje\/om-shk\/sektioner\/","name":"Sektioner - Svenska Hundklubben - S\u00f6dert\u00e4lje","isPartOf":{"@id":"https:\/\/svenskahundklubben.se\/sodertalje\/#website"},"datePublished":"2019-07-11T09:04:03+00:00","dateModified":"2019-07-11T09:04:24+00:00","breadcrumb":{"@id":"https:\/\/svenskahundklubben.se\/sodertalje\/om-shk\/sektioner\/#breadcrumb"},"inLanguage":"sv-SE","potentialAction":[{"@type":"ReadAction","target":["https:\/\/svenskahundklubben.se\/sodertalje\/om-shk\/sektioner\/"]}]},{"@type":"BreadcrumbList","@id":"https:\/\/svenskahundklubben.se\/sodertalje\/om-shk\/sektioner\/#breadcrumb","itemListElement":[{"@type":"ListItem","position":1,"name":"Hem","item":"https:\/\/svenskahundklubben.se\/sodertalje\/"},{"@type":"ListItem","position":2,"name":"Om Oss","item":"https:\/\/svenskahundklubben.se\/sodertalje\/om-shk\/"},{"@type":"ListItem","position":3,"name":"Sektioner"}]},{"@type":"WebSite","@id":"https:\/\/svenskahundklubben.se\/sodertalje\/#website","url":"https:\/\/svenskahundklubben.se\/sodertalje\/","name":"Svenska Hundklubben - S\u00f6dert\u00e4lje","description":"Svenska Hundklubben-webbplats","publisher":{"@id":"https:\/\/svenskahundklubben.se\/sodertalje\/#organization"},"potentialAction":[{"@type":"SearchAction","target":{"@type":"EntryPoint","urlTemplate":"https:\/\/svenskahundklubben.se\/sodertalje\/?s={search_term_string}"},"query-input":{"@type":"PropertyValueSpecification","valueRequired":true,"valueName":"search_term_string"}}],"inLanguage":"sv-SE"},{"@type":"Organization","@id":"https:\/\/svenskahundklubben.se\/sodertalje\/#organization","name":"Svenska Hundklubben - S\u00f6dert\u00e4lje","url":"https:\/\/svenskahundklubben.se\/sodertalje\/","logo":{"@type":"ImageObject","inLanguage":"sv-SE","@id":"https:\/\/svenskahundklubben.se\/sodertalje\/#\/schema\/logo\/image\/","url":"https:\/\/svenskahundklubben.se\/sodertalje\/wp-content\/uploads\/sites\/4\/2019\/08\/SHK-S\u00d6DERT\u00c4LJE-HEADERLOGO.png","contentUrl":"https:\/\/svenskahundklubben.se\/sodertalje\/wp-content\/uploads\/sites\/4\/2019\/08\/SHK-S\u00d6DERT\u00c4LJE-HEADERLOGO.png","width":1200,"height":300,"caption":"Svenska Hundklubben - S\u00f6dert\u00e4lje"},"image":{"@id":"https:\/\/svenskahundklubben.se\/sodertalje\/#\/schema\/logo\/image\/"}}]}},"ticketed":false,"_links":{"self":[{"href":"https:\/\/svenskahundklubben.se\/sodertalje\/wp-json\/wp\/v2\/pages\/190"}],"collection":[{"href":"https:\/\/svenskahundklubben.se\/sodertalje\/wp-json\/wp\/v2\/pages"}],"about":[{"href":"https:\/\/svenskahundklubben.se\/sodertalje\/wp-json\/wp\/v2\/types\/page"}],"author":[{"embeddable":true,"href":"https:\/\/svenskahundklubben.se\/sodertalje\/wp-json\/wp\/v2\/users\/4"}],"replies":[{"embeddable":true,"href":"https:\/\/svenskahundklubben.se\/sodertalje\/wp-json\/wp\/v2\/comments?post=190"}],"version-history":[{"count":1,"href":"https:\/\/svenskahundklubben.se\/sodertalje\/wp-json\/wp\/v2\/pages\/190\/revisions"}],"predecessor-version":[{"id":191,"href":"https:\/\/svenskahundklubben.se\/sodertalje\/wp-json\/wp\/v2\/pages\/190\/revisions\/191"}],"up":[{"embeddable":true,"href":"https:\/\/svenskahundklubben.se\/sodertalje\/wp-json\/wp\/v2\/pages\/48"}],"wp:attachment":[{"href":"https:\/\/svenskahundklubben.se\/sodertalje\/wp-json\/wp\/v2\/media?parent=190"}],"curies":[{"name":"wp","href":"https:\/\/api.w.org\/{rel}","templated":true}]}}